e number?
False
Is 1303667 composite?
False
Is 45523 composite?
False
Is 15231 a composite number?
True
Is 101399 composite?
False
Is 130733 composite?
True
Is 241193 prime?
False
Is 359039 a prime number?
False
Is 174989 composite?
False
Is 30787 composite?
True
Is 10007 composite?
False
Is 157711 composite?
True
Is 6563 a composite number?
False
Is 24995 composite?
True
Is 173773 prime?
True
Is 404483 a prime number?
True
Is 19157 a prime number?
True
Is 126473 a prime number?
True
Is 57829 composite?
False
Is 4327 a prime number?
True
Is 4169 a prime number?
False
Is 1094783 prime?
False
Is 32869 composite?
False
Is 14051 prime?
True
Is 553027 a composite number?
True
Is 4939 composite?
True
Is 489353 a composite number?
True
Is 20411 prime?
True
Is 13817 a prime number?
False
Is 2018 composite?
True
Is 180494 a composite number?
True
Is 149 composite?
False
Is 202471 a composite number?
False
Is 27733 a composite number?
False
Is 1641007 prime?
True
Is 2461 a prime number?
False
Is 936391 a prime number?
True
Is 10007 a prime number?
True
Is 13901 a prime number?
True
Is 62897 composite?
False
Is 1245187 prime?
True
Is 2779357 a composite number?
True
Is 142771 a composite number?
False
Is 1151 a composite number?
False
Is 63901 prime?
True
Is 11249 prime?
False
Is 4397 composite?
False
Is 90451 a composite number?
True
Is 628715 composite?
True
Is 4897 a composite number?
True
Is 18841 composite?
True
Is 119337 a composite number?
True
Is 116423 a composite number?
False
Is 147047 composite?
False
Is 218429 a prime number?
False
Is 49561 a composite number?
True
Is 4237 prime?
False
Is 776837 composite?
False
Is 10973 prime?
True
Is 567383 a composite number?
False
Is 7993 a composite number?
False
Is 20743 composite?
False
Is 130729 a prime number?
True
Is 826663 a prime number?
True
Is 217705 a prime number?
False
Is 519 a prime number?
False
Is 50359 prime?
True
Is 2041 composite?
True
Is 7702 a composite number?
True
Is 61167 prime?
False
Is 1777 composite?
False
Is 15395 composite?
True
Is 18773 composite?
False
Is 4559029 a composite number?
True
Is 13 composite?
False
Is 4222 prime?
False
Is 506629 a prime number?
True
Is 166435 a prime number?
False
Is 2393 prime?
True
Is 2845 a composite number?
True
Is 26689 composite?
True
Is 93733 a composite number?
True
Is 4099 a prime number?
True
Is 1313029 prime?
False
Is 150473 composite?
False
Is 112429 a prime number?
True
Is 49031 a prime number?
True
Is 14243 a prime number?
True
Is 7411 prime?
True
Is 983659 composite?
False
Is 23249 prime?
False
Is 596363 composite?
False
Is 354821 prime?
False
Is 85597 composite?
False
Is 235439 a prime number?
True
Is 17413 a composite number?
True
Is 54613 prime?
False
Is 112821 prime?
False
Is 1901 prime?
True
Is 484655 prime?
False
Is 421217 a prime number?
False
Is 1836761 a prime number?
True
Is 252571 a prime number?
False
Is 271261 composite?
False
Is 188663 a composite number?
True
Is 57719 a composite number?
False
Is 158513 a prime number?
False
Is 358943 composite?
True
Is 1382177 prime?
True
Is 884651 a prime number?
True
Is 9382 a prime number?
False
Is 10301 a prime number?
True
Is 268771 prime?
True
Is 13577 prime?
True
Is 34081 a composite number?
True
Is 61786 prime?
False
Is 274867 composite?
False
Is 39415 a composite number?
True
Is 11179 prime?
False
Is 21631 a composite number?
True
Is 2203 a composite number?
False
Is 459599 a prime number?
False
Is 373823 a prime number?
True
Is 2162369 a composite number?
True
Is 2777 prime?
True
Is 1013411 a composite number?
True
Is 26797 composite?
True
Is 20141 a prime number?
False
Is 132137 composite?
False
Is 30769 a prime number?
False
Is 201715 prime?
False
Is 10133 a composite number?
False
Is 38639 a prime number?
True
Is 111829 a prime number?
True
Is 5099 prime?
True
Is 52385 a composite number?
True
Is 139843 a composite number?
True
Is 963419 a prime number?
True
Is 430159 composite?
True
Is 18661 a composite number?
False
Is 381 a composite number?
True
Is 6607 prime?
True
Is 705383 a composite number?
True
Is 17161 a composite number?
True
Is 16429 composite?
True
Is 10641 a composite number?
True
Is 962009 a composite number?
False
Is 265219 composite?
True
Is 230003 a composite number?
False
Is 127315 a prime number?
False
Is 2279 composite?
True
Is 3787 composite?
True
Is 110407 a prime number?
False
Is 311557 prime?
True
Is 15661 composite?
False
Is 3641 prime?
False
Is 33047 a composite number?
True
Is 1209557 a prime number?
True
Is 124639 a composite number?
True
Is 1757 composite?
True
Is 25923 prime?
False
Is 17467 composite?
False
Is 1659281 composite?
True
Is 42989 composite?
False
Is 10901 prime?
False
Is 10029 a composite number?
True
Is 68559 a prime number?
False
Is 36761 prime?
True
Is 4286 prime?
False
Is 19934 a composite number?
True
Is 643477 prime?
False
Is 463063 prime?
False
Is 167483 a composite number?
False
Is 63695 a composite number?
True
Is 302959 prime?
True
Is 14815 prime?
False
Is 206383 composite?
False
Is 738937 composite?
False
Is 73709 composite?
False
Is 758 a prime number?
False
Is 998513 a composite number?
False
Is 9233 composite?
True
Is 699213 prime?
False
Is 19379 a prime number?
True
Is 10259 a prime number?
True
Is 96631 a prime number?
False
Is 28889 a prime number?
False
Is 186243 prime?
False
Is 8461 a composite number?
False
Is 329 composite?
True
Is 16879 prime?
True
Is 75641 composite?
False
Is 209823 prime?
False
Is 5981 composite?
False
Is 899611 composite?
False
Is 15793 a prime number?
False
Is 4201 a prime number?
True
Is 40673 a composite number?
True
Is 603257 a prime number?
True
Is 42281 prime?
True
Is 87573 composite?
True
Is 11027 a composite number?
False
Is 3761 composite?
False
Is 21859 a prime number?
True
Is 20681 a composite number?
False
Is 135241 composite?
False
Is 11579 a composite number?
False
Is 19405 composite?
True
Is 6389 prime?
True
Is 34793 composite?
True
Is 4699 composite?
True
Is 1801 a composite number?
False
Is 520789 a prime number?
False
Is 7109 a prime number?
True
Is 30847 composite?
True
Is 185981 prime?
False
Is 500299 a prime number?
True
Is 17211 prime?
False
Is 1156231 a prime number?
True
Is 4511 prime?
False
Is 14921 a composite number?
True
Is 3351 a composite number?
True
Is 3635 a composite number?
True
Is 1058653 a composite number?
False
Is 1359059 a composite number?
True
Is 206993 a composite number?
False
Is 1073191 a prime number?
False
Is 238499 composite?
False
Is 19373 a prime number?
True
Is 55313 a composite number?
False
Is 98671 composite?
True
Is 121571 prime?
True
Is 100357 a composite number?
False
Is 20159 a prime number?
False
Is 125617 a prime number?
True
Is 58637 prime?
False
Is 9305 a prime number?
False
Is 17281 prime?
False
Is 136393 a composite number?
False
Is 8459 a composite number?
True
Is 37337 composite?
False
Is 1299533 a composite number?
False
Is 3793 a prime number?
True
Is 14461 a prime number?
True
Is 91079 composite?
False
Is 83033 a composite number?
True
Is 49027 a composite number?
True
Is 382259 prime?
False
Is 113279 composite?
False
Is 228983 prime?
True
Is 40231 prime?
True
Is 250927 composite?
True
Is 159338 a prime number?
False
Is 10826 a composite number?
True
Is 1147623 a prime number?
False
Is 236337 composite?
True
Is 848383 a composite number?
False
Is 1579769 composite?
False
Is 1949 a composite number?
False
Is 721 prime?
False
Is 22947 a prime number?
False
Is 2281 a composite number?
False
Is 481 a prime number?
False
Is 38219 a composite number?
False
Is 1973 composite?
False
Is 32603 a composite number?
False
Is 8461 a prime number?
True
Is 64031 a prime number?
False
Is 8899 a prime number?
False
Is 693833 a composite number?
True
Is 15917 a prime number?
False
Is 17467 composite?
False
Is 791519 a prime number?
True
Is 463402 a prime number?
False
Is 194197 prime?
True
Is 2987 a prime number?
False
Is 4547 a composite number?
False
Is 136649 prime?
True
Is 159977 a prime number?
True
Is 77641 a composite number?
False
Is 21583 prime?
False
Is 7603 a composite number?
False
Is 44209 a composite number?
True
Is 1183093 prime?
True
Is 271 a composite number?
False
Is 265 a prime number?
False
Is 68617 composite?
